{"id":6,"date":"2018-04-14T10:19:46","date_gmt":"2018-04-14T08:19:46","guid":{"rendered":"http:\/\/bdi.stv-chaville.fr\/?page_id=6"},"modified":"2024-09-06T13:43:53","modified_gmt":"2024-09-06T11:43:53","slug":"page-daccueil","status":"publish","type":"page","link":"https:\/\/bdi.stv-chaville.fr\/","title":{"rendered":"Accueil"},"content":{"rendered":"<p>Le\u00a0<b>Bureau de Documentation et d\u2019Information sur l\u2019orientation<\/b>\u00a0(B.D.I.), est avant tout un\u00a0<b>lieu d\u2019accueil et de\u00a0discussion<\/b>. Les \u00e9l\u00e8ves y viennent spontan\u00e9ment ou sur un conseil de leur professeur principal.<\/p>\n<p>Il est ouvert \u00e0 tous les \u00e9l\u00e8ves de la 4\u00e8me \u00e0 la Terminale, ainsi qu&rsquo;aux \u00e9quipes \u00e9ducatives.<\/p>\n<p>L\u2019accueil se fait en acc\u00e8s libre ou sur <a href=\"https:\/\/bdi.stv-chaville.fr\/index.php\/prendre-rendez-vous\/\">rendez-vous<\/a>. Nos permanences se tiennent sur la pause m\u00e9ridienne dans nos locaux \u00e0 c\u00f4t\u00e9 de la caf\u00e9t\u00e9ria du lyc\u00e9e.<\/p>\n<p>Le BDI est anim\u00e9, sous la responsabilit\u00e9 de Mme Fr\u00e9bault, par des parents d&rsquo;\u00e9l\u00e8ves, intervenants b\u00e9n\u00e9voles.<\/p>\n<p><strong>Les objectifs du BDI<\/strong><\/p>\n<p>Informer et accompagner les \u00e9l\u00e8ves dans leur projet personnel par le biais\u00a0:<\/p>\n<ul>\n<li>D&rsquo;une r\u00e9flexion sur soi-m\u00eame (go\u00fbts, aptitudes, valeurs)<\/li>\n<li>D&rsquo;une approche des m\u00e9tiers<\/li>\n<li>D&rsquo;une information sur les \u00e9tudes sup\u00e9rieures<\/li>\n<\/ul>\n ","protected":false},"excerpt":{"rendered":"<p>Le\u00a0Bureau de Documentation et d\u2019Information sur l\u2019orientation\u00a0(B.D.I.), est avant tout un\u00a0lieu d\u2019accueil et de\u00a0discussion. Les \u00e9l\u00e8ves y viennent spontan\u00e9ment ou sur un conseil de leur professeur principal. Il est ouvert \u00e0 tous les \u00e9l\u00e8ves de la 4\u00e8me \u00e0 la Terminale, ainsi qu&rsquo;aux \u00e9quipes \u00e9ducatives. L\u2019accueil se fait en acc\u00e8s libre ou sur rendez-vous. Nos permanences<\/p><\/div>\n<div class=\"blog-btn\"><a href=\"https:\/\/bdi.stv-chaville.fr\/\" class=\"home-blog-btn\">Lire la suite<\/a><\/p>\n","protected":false},"author":1,"featured_media":0,"parent":0,"menu_order":0,"comment_status":"closed","ping_status":"closed","template":"","meta":{"footnotes":""},"class_list":["post-6","page","type-page","status-publish","hentry"],"_links":{"self":[{"href":"https:\/\/bdi.stv-chaville.fr\/index.php\/wp-json\/wp\/v2\/pages\/6","targetHints":{"allow":["GET"]}}],"collection":[{"href":"https:\/\/bdi.stv-chaville.fr\/index.php\/wp-json\/wp\/v2\/pages"}],"about":[{"href":"https:\/\/bdi.stv-chaville.fr\/index.php\/wp-json\/wp\/v2\/types\/page"}],"author":[{"embeddable":true,"href":"https:\/\/bdi.stv-chaville.fr\/index.php\/wp-json\/wp\/v2\/users\/1"}],"replies":[{"embeddable":true,"href":"https:\/\/bdi.stv-chaville.fr\/index.php\/wp-json\/wp\/v2\/comments?post=6"}],"version-history":[{"count":12,"href":"https:\/\/bdi.stv-chaville.fr\/index.php\/wp-json\/wp\/v2\/pages\/6\/revisions"}],"predecessor-version":[{"id":222,"href":"https:\/\/bdi.stv-chaville.fr\/index.php\/wp-json\/wp\/v2\/pages\/6\/revisions\/222"}],"wp:attachment":[{"href":"https:\/\/bdi.stv-chaville.fr\/index.php\/wp-json\/wp\/v2\/media?parent=6"}],"curies":[{"name":"wp","href":"https:\/\/api.w.org\/{rel}","templated":true}]}}